s digit of 640554516?
4
What is the billions digit of 5578937375?
5
What is the tens digit of 1438831450?
5
What is the billions digit of 7090118852?
7
What is the thousands digit of 30775176?
5
What is the ten millions digit of 42543924?
4
What is the millions digit of 49701072?
9
What is the millions digit of 76878739?
6
What is the ten thousands digit of 262156906?
5
What is the hundred thousands digit of 74245325?
2
What is the tens digit of 83406591?
9
What is the millions digit of 15922371?
5
What is the billions digit of 1497048517?
1
What is the ten millions digit of 406066817?
0
What is the tens digit of 23973289?
8
What is the ten thousands digit of 23026239?
2
What is the hundred thousands digit of 10909888?
9
What is the billions digit of 7670206212?
7
What is the hundred thousands digit of 596106514?
1
What is the hundred millions digit of 904471051?
9
What is the hundred thousands digit of 10921173?
9
What is the ten millions digit of 3421209925?
2
What is the thousands digit of 841534049?
4
What is the ten thousands digit of 6390998344?
9
What is the ten thousands digit of 10049259?
4
What is the hundred thousands digit of 198134351?
1
What is the thousands digit of 3083925530?
5
What is the units digit of 253828374?
4
What is the units digit of 291526769?
9
What is the tens digit of 66562038?
3
What is the hundred millions digit of 159196908?
1
What is the hundred millions digit of 844803179?
8
What is the hundred millions digit of 276609448?
2
What is the thousands digit of 172923104?
3
What is the tens digit of 38332319?
1
What is the hundreds digit of 175808946?
9
What is the ten thousands digit of 188474275?
7
What is the hundred thousands digit of 43191069?
1
What is the ten millions digit of 65598933?
6
What is the millions digit of 874375746?
4
What is the thousands digit of 894023836?
3
What is the tens digit of 2055529577?
7
What is the millions digit of 357306041?
7
What is the thousands digit of 65545219?
5
What is the thousands digit of 160622607?
2
What is the ten thousands digit of 20879704?
7
What is the ten thousands digit of 137445708?
4
What is the ten thousands digit of 40029631?
2
What is the hundred millions digit of 1765395673?
7
What is the thousands digit of 219845941?
5
What is the hundreds digit of 677858522?
5
What is the units digit of 39192234?
4
What is the thousands digit of 360283430?
3
What is the tens digit of 192918401?
0
What is the tens digit of 811846282?
8
What is the hundred thousands digit of 3183691725?
6
What is the billions digit of 1535707521?
1
What is the units digit of 1175690760?
0
What is the tens digit of 1904015110?
1
What is the thousands digit of 1365880866?
0
What is the thousands digit of 135001758?
1
What is the ten thousands digit of 10780216?
8
What is the ten millions digit of 735868532?
3
What is the ten thousands digit of 104460335?
6
What is the units digit of 145946365?
5
What is the hundred millions digit of 943430625?
9
What is the ten millions digit of 53368885?
5
What is the units digit of 47330607?
7
What is the tens digit of 25595079?
7
What is the tens digit of 40018279?
7
What is the tens digit of 62517462?
6
What is the tens digit of 42070328?
2
What is the units digit of 41559156?
6
What is the ten millions digit of 872983180?
7
What is the hundred thousands digit of 354988412?
9
What is the hundred thousands digit of 665998429?
9
What is the hundreds digit of 702683456?
4
What is the units digit of 21900232?
2
What is the units digit of 3665814996?
6
What is the ten millions digit of 3619579612?
1
What is the hundreds digit of 2214313948?
9
What is the ten millions digit of 81579637?
8
What is the hundred thousands digit of 419122824?
1
What is the tens digit of 582854233?
3
What is the ten millions digit of 627577131?
2
What is the hundred thousands digit of 146233609?
2
What is the ten thousands digit of 294559516?
5
What is the tens digit of 2915485136?
3
What is the hundred thousands digit of 86192679?
1
What is the hundred thousands digit of 3058889115?
8
What is the tens digit of 899644839?
3
What is the hundred thousands digit of 1824927635?
9
What is the ten thousands digit of 592000458?
0
What is the units digit of 11508729?
9
What is the thousands digit of 1533612875?
2
What is the hundreds digit of 41851868?
8
What is the hundred millions digit of 974565548?
9
What is the units digit of 355978876?
6
What is the ten millions digit of 303309856?
0
What is the units digit of 356589582?
2
What is the units digit of 62718411?
1
What is the thousands digit of 313529006?
9
What is the units digit of 108623701?
1
What is the thousands digit of 94317699?
7
What is the ten thousands digit of 848033787?
3
What is the thousands digit of 33793635?
3
What is the billions digit of 1040690278?
1
What is the millions digit of 980032731?
0
What is the tens digit of 84073523?
2
What is the hundred thousands digit of 140659615?
6
What is the tens digit of 89960752?
5
What is the hundred thousands digit of 623527294?
5
What is the units digit of 370938758?
8
What is the ten thousands digit of 8219736?
1
What is the tens digit of 61799619?
1
What is the ten thousands digit of 23216766?
1
What is the millions digit of 258055724?
8
What is the hundred thousands digit of 96905243?
9
What is the ten millions digit of 8968891553?
6
What is the hundreds digit of 152918790?
7
What is the ten thousands digit of 254763218?
6
What is the hundreds digit of 787797434?
4
What is the hundred thousands digit of 201698277?
6
What is the tens digit of 56440760?
6
What is the hundred millions digit of 148518527?
1
What is the tens digit of 3194323995?
9
What is the ten millions digit of 449157347?
4
What is the hundred thousands digit of 333725552?
7
What is the units digit of 1355868008?
8
What is the hundred millions digit of 142409122?
1
What is the ten millions digit of 2447277730?
4
What is the ten thousands digit of 12771368?
7
What is the units digit of 3119315?
5
What is the tens digit of 51117525?
2
What is the ten millions digit of 161098877?
6
What is the thousands digit of 977866722?
6
What is the thousands digit of 208957479?
7
What is the billions digit of 1975042871?
1
What is the units digit of 58457092?
2
What is the ten millions digit of 11105493?
1
What is the billions digit of 1332627171?
1
What is the tens digit of 1993954376?
7
What is the tens digit of 171783681?
8
What is the units digit of 97233878?
8
What is the thousands digit of 213398674?
8
What is the hundreds digit of 86036738?
7
What is the ten thousands digit of 47618807?
1
What is the tens digit of 395879422?
2
What is the hundred millions digit of 1737141695?
7
What is the millions digit of 380141106?
0
What is the hundred millions digit of 1842509944?
8
What is the units digit of 110139472?
2
What is the hundred thousands digit of 958964136?
9
What is the ten millions digit of 40108744?
4
What is the billions digit of 1506700129?
1
What is the units digit of 251939498?
8
What is the millions digit of 40330587?
0
What is the hundreds digit of 37090057?
0
What is the ten millions digit of 11846866?
1
What is the hundred millions digit of 3738846663?
7
What is the millions digit of 31465150?
1
What is the millions digit of 452061002?
2
What is the hundreds digit of 150255171?
1
What is the tens digit of 1529541520?
2
What is the ten millions digit of 214806743?
1
What is the tens digit of 109459542?
4
What is the thousands digit of 6013504?
3
What is the units digit of 31623003?
3
What is the ten millions digit of 137231519?
3
What is the hundreds digit of 70938787?
7
What is the thousands digit of 326687370?
7
What is the hundred millions digit of 149780719?
1
What is the millions digit of 780924703?
0
What is the hundred millions digit of 326131865?
3
What is the ten millions digit of 3710154091?
1
What is the hundred millions digit of 987510600?
9
What is the ten thousands digit of 438060174?
6
What is the units digit of 139296274?
4
What is the hundreds digit of 7754645?
6
What is the hundreds digit of 728960583?
5
What is the ten millions digit of 43705597?
4
What is the thousands digit of 98134167?
4
What is the hundred millions digit of 117621799?
1
What is the hundred millions digit of 1